{"id":455,"date":"2022-01-17T11:13:20","date_gmt":"2022-01-17T11:13:20","guid":{"rendered":"https:\/\/analyticalchemistry.science.upjs.sk\/?page_id=455"},"modified":"2024-01-30T17:25:20","modified_gmt":"2024-01-30T17:25:20","slug":"kontakt-2","status":"publish","type":"page","link":"https:\/\/analyticalchemistry.science.upjs.sk\/?page_id=455","title":{"rendered":"Kontakt"},"content":{"rendered":"\n<div class=\"wp-block-group alignfull\"><div class=\"wp-block-group__inner-container\">\n<div class=\"wp-block-cover alignfull has-background-dim-40 has-background-dim\"><img loading=\"lazy\" width=\"1325\" height=\"883\" class=\"wp-block-cover__image-background wp-image-732\" alt=\"\" src=\"https:\/\/analyticalchemistry.science.upjs.sk\/wp-content\/uploads\/2022\/11\/index.jpg\" style=\"object-position:53% 10%\" data-object-fit=\"cover\" data-object-position=\"53% 10%\" srcset=\"https:\/\/analyticalchemistry.science.upjs.sk\/wp-content\/uploads\/2022\/11\/index.jpg 1325w, https:\/\/analyticalchemistry.science.upjs.sk\/wp-content\/uploads\/2022\/11\/index-300x200.jpg 300w, https:\/\/analyticalchemistry.science.upjs.sk\/wp-content\/uploads\/2022\/11\/index-1024x682.jpg 1024w, https:\/\/analyticalchemistry.science.upjs.sk\/wp-content\/uploads\/2022\/11\/index-768x512.jpg 768w, https:\/\/analyticalchemistry.science.upjs.sk\/wp-content\/uploads\/2022\/11\/index-900x600.jpg 900w, https:\/\/analyticalchemistry.science.upjs.sk\/wp-content\/uploads\/2022\/11\/index-500x333.jpg 500w\" sizes=\"(max-width: 1325px) 100vw, 1325px\" \/><div class=\"wp-block-cover__inner-container\">\n<div class=\"wp-block-group\"><div class=\"wp-block-group__inner-container\">\n<h1 class=\"is-style-elsie-no-margins\">KONTAKTUJTE N\u00c1S &#8230;<\/h1>\n<\/div><\/div>\n\n\n\n<p><\/p>\n\n\n\n<p><\/p>\n<\/div><\/div>\n<\/div><\/div>\n\n\n\n<div class=\"wp-block-columns\">\n<div class=\"wp-block-column\" style=\"flex-basis:100%\">\n<div class=\"wp-block-group alignwide\"><div class=\"wp-block-group__inner-container\"><\/div><\/div>\n<\/div>\n<\/div>\n\n\n\n<div class=\"wp-block-group\"><div class=\"wp-block-group__inner-container\">\n<h2 class=\"is-style-elsie-no-margins\">\u0160trukt\u00fara katedry<\/h2>\n<\/div><\/div>\n\n\n\n<ul><li><strong>Ved\u00faca katedry:<\/strong> doc. Ing. Viera Vojtekov\u00e1, PhD.<\/li><li><strong>Sekret\u00e1rka:<\/strong> Ing. Petronela Polansk\u00e1<\/li><\/ul>\n\n\n\n<div class=\"wp-block-group\"><div class=\"wp-block-group__inner-container\">\n<div class=\"wp-block-group\"><div class=\"wp-block-group__inner-container\"><\/div><\/div>\n\n\n\n<h2 class=\"is-style-elsie-no-margins\">Adresa<\/h2>\n<\/div><\/div>\n\n\n\n<div class=\"wp-block-group\"><div class=\"wp-block-group__inner-container\">\n<div class=\"wp-block-group\"><div class=\"wp-block-group__inner-container\">\n<p><strong>Doktora Kostliv\u00e9ho, 040 01 Ko\u0161ice<\/strong><\/p>\n<\/div><\/div>\n<\/div><\/div>\n\n\n\n<div class=\"wp-block-group\"><div class=\"wp-block-group__inner-container\">\n<h2 class=\"is-style-elsie-no-margins\">Telef\u00f3n a e-mail:<\/h2>\n<\/div><\/div>\n\n\n\n<ul><li><strong>Ved\u00faca katedry:<\/strong> +421 55 234 2360, <a rel=\"noreferrer noopener\" href=\"mailto:viera.vojtekova@upjs.sk\" target=\"_blank\"><span style=\"color:#bf0b5c\" class=\"has-inline-color\"><span style=\"text-decoration: underline;\">viera.vojtekova@upjs.sk<\/span><\/span><\/a> <\/li><li><strong>Sekretari\u00e1t:<\/strong> +421 55 234 1198, <a rel=\"noreferrer noopener\" href=\"mailto:petronela.polanska@upjs.sk\" target=\"_blank\"><span style=\"color:#bf0b5c\" class=\"has-inline-color\"><span style=\"text-decoration: underline;\">petronela.polanska@upjs.sk<\/span><\/span><\/a><\/li><\/ul>\n\n\n\n<p><\/p>\n\n\n\n<div class=\"wp-block-group\"><div class=\"wp-block-group__inner-container\">\n<h2 class=\"is-style-elsie-no-margins\">Kde n\u00e1s n\u00e1jdete<\/h2>\n<\/div><\/div>\n\n\n\n<div class=\"wp-block-group\"><div class=\"wp-block-group__inner-container\">\n<div class=\"wp-block-group\"><div class=\"wp-block-group__inner-container\">\n<div class=\"wp-block-group\"><div class=\"wp-block-group__inner-container\">\n<div class=\"wp-block-columns\">\n<div class=\"wp-block-column\" style=\"flex-basis:100%\">\n<iframe src=\"https:\/\/www.google.com\/maps\/embed?pb=!1m18!1m12!1m3!1d2632.2509960050324!2d21.249552715669456!3d48.719795479274154!2m3!1f0!2f0!3f0!3m2!1i1024!2i768!4f13.1!3m3!1m2!1s0x473ee06f4f26f333%3A0x33091dbd8e5f8cf2!2sMoyzesova%201013%2F11%2C%20040%2001%20Ko%C5%A1ice!5e0!3m2!1ssk!2ssk!4v1646908769351!5m2!1ssk!2ssk\" style=\"border:0;\" allowfullscreen=\"\" loading=\"lazy\" width=\"600\" height=\"450\"><\/iframe>\n<\/div>\n<\/div>\n<\/div><\/div>\n<\/div><\/div>\n<\/div><\/div>\n","protected":false},"excerpt":{"rendered":"<p>\u0160trukt\u00fara katedry Ved\u00faca katedry: doc. Ing. Viera Vojtekov\u00e1, PhD. Sekret\u00e1rka: Ing. Petronela Polansk\u00e1 Adresa Doktora Kostliv\u00e9ho, 040 01 Ko\u0161ice Telef\u00f3n a e-mail: [&hellip;]<\/p>\n","protected":false},"author":3,"featured_media":0,"parent":0,"menu_order":0,"comment_status":"closed","ping_status":"closed","template":"","meta":{"spay_email":""},"_links":{"self":[{"href":"https:\/\/analyticalchemistry.science.upjs.sk\/index.php?rest_route=\/wp\/v2\/pages\/455"}],"collection":[{"href":"https:\/\/analyticalchemistry.science.upjs.sk\/index.php?rest_route=\/wp\/v2\/pages"}],"about":[{"href":"https:\/\/analyticalchemistry.science.upjs.sk\/index.php?rest_route=\/wp\/v2\/types\/page"}],"author":[{"embeddable":true,"href":"https:\/\/analyticalchemistry.science.upjs.sk\/index.php?rest_route=\/wp\/v2\/users\/3"}],"replies":[{"embeddable":true,"href":"https:\/\/analyticalchemistry.science.upjs.sk\/index.php?rest_route=%2Fwp%2Fv2%2Fcomments&post=455"}],"version-history":[{"count":56,"href":"https:\/\/analyticalchemistry.science.upjs.sk\/index.php?rest_route=\/wp\/v2\/pages\/455\/revisions"}],"predecessor-version":[{"id":2635,"href":"https:\/\/analyticalchemistry.science.upjs.sk\/index.php?rest_route=\/wp\/v2\/pages\/455\/revisions\/2635"}],"wp:attachment":[{"href":"https:\/\/analyticalchemistry.science.upjs.sk\/index.php?rest_route=%2Fwp%2Fv2%2Fmedia&parent=455"}],"curies":[{"name":"wp","href":"https:\/\/api.w.org\/{rel}","templated":true}]}}